e r(b).
5
Let i(n) = -34*n**3 + 102*n**2 + 92*n - 142. Let k(x) = 21*x**3 - 61*x**2 - 55*x + 85. Let z(s) = -8*i(s) - 13*k(s). Calculate z(-22).
9
Let t(h) = 40 - 76 + h + 36. Let f be 1 + 14/12 + 3/(-18). Calculate t(f).
2
Let b be (2 - 1) + 1 - 1 - 78/78. Let h(y) = -63*y + 11. Determine h(b).
11
Let c(h) = 8*h + 52. Suppose 5*k - 5*j = 0, -3*k + k - 2*j - 16 = 0. Give c(k).
20
Let w(x) = -115 - 82 + 203 + x**3 - x - 5*x**2. Determine w(5).
1
Suppose -2*m - 56*i + 53*i = 1864, 3*m + 2803 = -i. Let f be m/255 + 2/(-6). Let q(r) = -r**3 - 5*r**2 - 5*r - 4. Determine q(f).
0
Let n(s) = 27*s - 8. Let k(v) = -9*v + 2. Let m(i) = 8*k(i) + 3*n(i). Give m(5).
37
Let q be 1 + -2*(-4 - (-9)/2). Let o(l) = 4*l**2 - 3*l + q*l + 1 - 39*l**3 + 37*l**3. Determine o(3).
-26
Let j(b) = 9*b**3 + b**2. Let w be (2/5)/(5 + (-23)/5). What is j(w)?
10
Let a(i) be the first derivative of -i**3/3 + 7*i**2/2 - 3*i - 62. Suppose 6*o - 10 = 4*o. Let t be a(o). Let k(d) = d - 4. Calculate k(t).
3
Let i(l) = 2*l**2 + 2*l - 4. Suppose 2*j = -6 - 2. Let k be -24 - (3 - (j + 7)). Let u = k + 21. Determine i(u).
8
Let c(j) = -j. Suppose 4*u - 3 = 1. Let w(q) = -6*q + 2. Let l(s) = u*w(s) - 8*c(s). Let r(y) = y**3 + 8*y**2 + 8*y + 9. Let a be r(-7). Give l(a).
6
Let j = 1342 - 1334. Let h(s) = s + 3*s - 9*s**2 + s**3 - s + 11 + 2*s. Give h(j).
-13
Let u(o) be the third derivative of -o**6/120 + o**5/12 - o**4/12 - o**3/2 + 19*o**2 + 56*o + 1. Give u(5).
-13
Let a(l) = 511*l + 58 + 337*l - 840*l. Determine a(-8).
-6
Suppose -3*u + 358 = -5. Let w = -121 + u. Let i(o) = o**3 + 5. Calculate i(w).
5
Let j(i) be the third derivative of -i**5/60 - i**4/3 - 215*i**2 - 11*i + 3. Let a be (2 - 2 - 9) + 0. Give j(a).
-9
Let w(c) = -8*c**2 - 3 - 32*c**2 - 4*c + 36*c**2 - 18*c. Give w(-9).
-129
Let h(k) = 4*k - 2. Suppose 0 = -7*b + 210 - 2275. Let v = -296 - b. Calculate h(v).
-6
Let a(o) = -o**3 + 24*o**2 - 25*o + 54. Let c = 38846 + -38823. Determine a(c).
8
Let n(u) = 3*u - 1. Suppose -4*p = p - 15. Suppose -x + 0*o - 5 = o, -5*x + 7 = -p*o. Calculate n(x).
-4
Let q(k) = 2. Let i(s) = 5. Let d(b) = 3*i(b) - 7*q(b). Let p(h) = h. Suppose -9*c + 6 = -3*c. Let z(l) = c*p(l) + d(l). What is z(-6)?
-5
Suppose -v - 55 = 5*r, 3*r - v = -4*v - 21. Let n(c) be the third derivative of c**6/120 + 11*c**5/60 - 11*c**4/24 + 8*c**3/3 - 14*c**2. What is n(r)?
4
Let m be 4*(945/84 - 11). Let d(s) be the second derivative of -s - 1/2*s**2 + 11/10*s**5 - 1/6*s**4 + 1/3*s**3 + 0. Give d(m).
21
Let f(h) = -13*h - 4. Suppose -3 + 3 + 0 = -90*a. Determine f(a).
-4
Let h(z) = -308 + 289 + 2167*z - 2166*z. What is h(6)?
-13
Let z(b) = -4*b + 2. Let c be (-177)/59 - (-1 + 1 - 135). Let v be (-2 - 128/(-22)) + 24/c. Give z(v).
-14
Let v(p) = 89*p - 1340. Let b be v(15). Let l(j) = -j**3 - 4*j**2 - 3. Determine l(b).
22
Let l(v) = -16*v**2 - 10*v**2 + 6*v**2. Suppose -13*n + 5*n = 312. Let b be 4*(-3 - n/12). Give l(b).
-20
Let r(h) be the first derivative of h**3/3 + 6*h**2 - 2*h + 802. Determine r(-10).
-22
Suppose -32*q = -31*q + 3*o - 29, -q - o = -11. Let a(z) be the third derivative of -z**6/60 + z**5/60 - z**4/12 + z**3/6 + 2*z**2. What is a(q)?
-15
Let m(w) = -w**2 + 9*w + 8. Let x = -78 - -130. Suppose -3*t + c = -t - x, -121 = -5*t - 2*c. Suppose t*s + 54 = 31*s. Give m(s).
8
Let x(o) be the second derivative of o**5/20 - o**4/12 + 5*o**2/2 + 1581*o. Determine x(0).
5
Let f(s) be the first derivative of s**2 - 19*s + 4. Let b(w) = -w + 9. Suppose 5*o - 1277 = -1232. Let c(r) = o*b(r) + 4*f(r). Calculate c(8).
-3
Let l(w) = w**2 - 3. Let r(j) = -8*j**2 + 15*j + 44. Let y(f) = 7*l(f) + r(f). Determine y(13).
49
Let g(d) = -31*d - 96*d - 91*d + 27 + 215*d. Determine g(-8).
51
Let z(t) be the first derivative of t**3/3 - t**2 - 4. Let g(h) = 59*h - 942. Let n be g(16). Determine z(n).
0
Let w(k) = -82*k + 61. Let l(c) = 27*c - 22. Let u(r) = 11*l(r) + 4*w(r). Let j(n) = -17*n + 1. Let y(z) = -7*j(z) + 4*u(z). Let o = 3 - 2. Give y(o).
-4
Let n(j) be the third derivative of -j**8/20160 - 7*j**5/10 + j**2 + 23*j. Let s(b) be the third derivative of n(b). Let v be (3 - 2) + 0 + 0. Give s(v).
-1
Suppose -2*j - 2*y - 360 = 0, j - y + 72 + 116 = 0. Let z = -169 - j. Let o(b) = -b**2 + 12*b + 21. Calculate o(z).
-24
Let r = 858 + -1295. Let p = r - -442. Let o(c) = 2*c**2 - 11*c + 1. Give o(p).
-4
Let q(f) = 83*f - 324. Let s be q(4). Suppose 2*t - 12 = s*t. Let g(n) = 7*n + 8. Determine g(t).
-6
Let v(s) = 2*s**2 - 24*s + 9. Let w(o) = -o**2 - 4*o + 2. Let f(j) = -v(j) + 5*w(j). What is f(-1)?
-10
Let k(t) be the third derivative of -t**6/360 - t**5/40 - t**4/6 - 41*t**3/3 + 57*t**2. Let g(y) be the first derivative of k(y). Calculate g(3).
-22
Let l(d) = -20*d**2 - 35*d + 13. Let f(i) = -11*i**2 - 18*i + 6. Let o(a) = -11*f(a) + 6*l(a). Let n(r) = 6*r + 89. Let z be n(-13). Calculate o(z).
1
Suppose 37 = 4*a + 5*y, -60*a + 5*y = -61*a + 28. Let l(v) be the first derivative of -7*v - 5/2*v**2 - 1 - 1/3*v**a. Determine l(-5).
-7
Let u(c) = -2 - 12 - 27*c - 9*c + 38*c. Calculate u(10).
6
Let b(h) be the second derivative of h**4/24 + h**3 - 7*h**2 + 23*h. Let m(x) be the first derivative of b(x). Let l be 2 - (13 - (-1 + 4)). Calculate m(l).
-2
Let h(x) = -x**2 - x - 5. Suppose -572*q - 15 = -587*q. Let a(k) = -5*k**2 - 15*k - 49. Let s(i) = q*a(i) - 6*h(i). Determine s(10).
-9
Let x(r) be the third derivative of 7*r**4/24 + 55*r**3/6 + 12*r**2 + r + 1. What is x(-6)?
13
Let j be (-1 - (-1 - -2))/((-2)/(-27)). Let s be 2/(-9) + ((-6)/j - -5). Let c(a) be the third derivative of a**5/60 - a**4/4 + a**3 + 36*a**2. Give c(s).
1
Let c(j) = -j**3 - j**2 + 31*j + 9. Let x = 25331 + -25326. What is c(x)?
14
Suppose 4*b - 4*w = 24, 0 = 4*w - 1 + 5. Suppose 174 - 34 = 14*j. Let i(c) = 11*c - 4*c - 4*c**2 + 4 + c**3 - j*c. Give i(b).
14
Let g(w) be the first derivative of 2*w**3/3 - 3*w**2/2 - 2*w - 19. Let s(p) = 5*p. Let b be s(1). Suppose -22 = -b*t - 7. What is g(t)?
7
Let b(q) = -5*q**2 - 2*q + 1. Let j(y) = -1 + 6*y**2 + 10*y**2 - 3 + 8*y. Let l(u) = 7*b(u) + 2*j(u). What is l(2)?
-9
Suppose -a + 26 - 17 = 3*t, -t = -3. Let y(x) = -x**3 - x**2 - 59. Calculate y(a).
-59
Let c(h) = -h**2 + 29*h - 203. Suppose -1791*n = -1741*n - 650. Determine c(n).
5
Let a(l) = -l**2 + l - 4. Let t(k) = 1. Let p(y) = a(y) + 2*t(y). Let f be 1*4 + (-126)/18. Determine p(f).
-14
Let x(g) = 4*g - 3. Suppose 2*c - 34 = -0*l - 5*l, 28 = 5*l - c. Let t(u) = -4*u + 3. Let h(s) = l*t(s) + 7*x(s). Determine h(2).
5
Let w = 141 + -139. Let p(g) = -w*g - 254 + 245 + g. Determine p(-7).
-2
Let r = -6 - -10. Let f(w) be the first derivative of 5*w**3/3 + 8*w**2 - 5*w - 41. Let i(k) = -4*k**2 - 14*k + 4. Let v(o) = -5*f(o) - 6*i(o). Determine v(r).
1
Let r(m) = -m + 3. Suppose -5*z + h = -164, -z - 2*h + 16 = 2*h. Suppose -4*j - z = -2*b, j - 4 = 3*j + 5*b. What is r(j)?
10
Let a = 1595 + -1595. Let h = 3 - 0. Let u(m) = -1 - m + h + 0 + 3. Give u(a).
5
Let t(n) = -124*n - 120*n - 341*n - 7 + 584*n. Let h(y) = -3*y + 1. Let c be h(-1). Suppose 5*i = -2*v - 39, v + 2 + c = -i. Give t(i).
2
Let j(g) = g**2 - 2*g - 3. Suppose 4*b - 162 = -142. Suppose 0 = -27*d + b*d - 44. Calculate j(d).
5
Let w(d) = d**2 - 3*d - 18. Let h be w(-6). Let t(b) = 13 - h + 30 + b. Suppose -22 = 2*p - 0. Give t(p).
-4
Let k(n) = -3219*n + 1667*n + 1565*n + 50. Calculate k(-4).
-2
Let v(c) = -c**3 - 11*c**2 + 248*c - 57. Let f be v(11). Let r(x) = 2*x - 15. Give r(f).
3
Let z = 6 - 46. Let s = z - -43. Let q(v) = -196*v - v**2 + 192*v + 2*v**s + 3 - v**3. What is q(3)?
9
Let h(f) be the first derivative of -4*f**3/3 + 21*f**2 + 69*f - 5217. Calculate h(12).
-3
Let q(n) be the second derivative of -n**5/60 + n**3/3 + 125*n**2 + n - 36. Let w(t) be the first derivative of q(t). Determine w(-3).
-7
Suppose -85*b + 26 = -59. Let v(o) = 24*o - 2. What is v(b)?
22
Let b(g) = g**3 - 16*g**2 + 18*g - 48. Let r be 1 - (-9 - 50/10). Calculate b(r).
-3
Let w(x) = 58*x - 284. Let b be w(5). Let y(d) = -d + 13. Calculate y(b).
7
Suppose 788*f + 2*i - 16 = 792*f, f - 3*i = -4. Let c(a) be the third derivative of a**4/6 + 2*a**3/3 - a**2. What is c(f)?
-12
Let y(g) be the second derivative of -g**5/60 - 5*g**4/24 + 5*g**3/6 - 17*g**2/2 + 94*g + 1. Let m(j) be the first derivative 